5.
1350
What is the remainder when 976625 is divided by 162735?
215
What is the remainder when 1463927 is divided by 133083?
14
What is the remainder when 3039164 is divided by 612?
584
What is the remainder when 762839 is divided by 3406?
3301
What is the remainder when 4974408 is divided by 1243583?
76
Calculate the remainder when 723425498 is divided by 1946.
1944
Calculate the remainder when 31978 is divided by 1027.
141
Calculate the remainder when 16404844 is divided by 288.
76
What is the remainder when 2588969 is divided by 369841?
82
Calculate the remainder when 62803 is divided by 217.
90
What is the remainder when 13040 is divided by 3629?
2153
What is the remainder when 14925514 is divided by 16?
10
Calculate the remainder when 34481183 is divided by 17240561.
61
What is the remainder when 10903273 is divided by 474049?
146
Calculate the remainder when 14894212 is divided by 3723541.
48
What is the remainder when 82278 is divided by 199?
91
Calculate the remainder when 90060805 is divided by 12831.
16
Calculate the remainder when 1903250 is divided by 405.
155
Calculate the remainder when 112586 is divided by 248.
242
Calculate the remainder when 75095 is divided by 717.
527
Calculate the remainder when 486471 is divided by 44160.
711
Calculate the remainder when 481699762 is divided by 273.
271
What is the remainder when 69849 is divided by 3961?
2512
Calculate the remainder when 10619 is divided by 3772.
3075
Calculate the remainder when 10472006 is divided by 10471956.
50
Calculate the remainder when 1808870 is divided by 17909.
61
Calculate the remainder when 9263098 is divided by 291.
277
What is the remainder when 301744 is divided by 301619?
125
Calculate the remainder when 1850739 is divided by 60.
39
What is the remainder when 60865938 is divided by 30432969?
0
Calculate the remainder when 1982866 is divided by 110155.
76
Calculate the remainder when 12350232 is divided by 4269.
15
What is the remainder when 6479342 is divided by 10871?
226
What is the remainder when 491968 is divided by 163953?
109
Calculate the remainder when 1551570 is divided by 59675.
20
What is the remainder when 6039861 is divided by 254?
249
What is the remainder when 17709707 is divided by 190?
187
Calculate the remainder when 1338351 is divided by 121668.
3
Calculate the remainder when 5498114 is divided by 1021.
29
What is the remainder when 267689 is divided by 4466?
4195
Calculate the remainder when 2066433 is divided by 688797.
42
What is the remainder when 8788804 is divided by 4394401?
2
What is the remainder when 1255566 is divided by 285?
141
What is the remainder when 58898155 is divided by 22?
19
Calculate the remainder when 23982 is divided by 1701.
168
Calculate the remainder when 6593779 is divided by 1502.
1501
What is the remainder when 214150 is divided by 64?
6
Calculate the remainder when 3754525 is divided by 3754381.
144
What is the remainder when 9213874 is divided by 376?
370
What is the remainder when 59634739 is divided by 59?
17
Calculate the remainder when 1599435 is divided by 35.
5
What is the remainder when 3649229 is divided by 195?
194
Calculate the remainder when 6325 is divided by 1311.
1081
Calculate the remainder when 465435 is divided by 155004.
423
What is the remainder when 8963623 is divided by 389?
285
What is the remainder when 122334 is divided by 735?
324
Calculate the remainder when 343062775 is divided by 171531385.
5
Calculate the remainder when 478935050 is divided by 7.
6
What is the remainder when 29586 is divided by 29494?
92
Calculate the remainder when 313501 is divided by 30936.
4141
Calculate the remainder when 79967436 is divided by 207.
24
Calculate the remainder when 2391932 is divided by 922.
264
Calculate the remainder when 892506 is divided by 8339.
233
Calculate the remainder when 920658815 is divided by 1746.
1745
What is the remainder when 268140 is divided by 1356?
1008
Calculate the remainder when 2196093 is divided by 5602.
109
Calculate the remainder when 2534886 is divided by 2275.
536
What is the remainder when 4164 is divided by 10?
4
Calculate the remainder when 784462 is divided by 156889.
17
What is the remainder when 4035956 is divided by 2727?
2723
What is the remainder when 2375396 is divided by 364?
296
Calculate the remainder when 5301 is divided by 2485.
331
What is the remainder when 46614332 is divided by 9076?
9072
What is the remainder when 1565108 is divided by 223585?
13
Calculate the remainder when 21784 is divided by 6298.
2890
Calculate the remainder when 47627813 is divided by 6.
5
What is the remainder when 1370939 is divided by 1176?
899
Calculate the remainder when 234456 is divided by 598.
40
What is the remainder when 2272282 is divided by 5902?
12
Calculate the remainder when 1548608 is divided by 6590.
6548
Calculate the remainder when 87161919 is divided by 17.
12
What is the remainder when 3785715 is divided by 1892851?
13
What is the remainder when 341133 is divided by 110924?
8361
What is the remainder when 21559246 is divided by 2851?
2835
Calculate the remainder when 31508 is divided by 3798.
1124
What is the remainder when 305785786 is divided by 41?
37
What is the remainder when 7973131 is divided by 128?
11
What is the remainder when 76434 is divided by 208?
98
Calculate the remainder when 8973372 is divided by 373888.
60
What is the remainder when 2020620 is divided by 384?
12
Calculate the remainder when 15234461 is divided by 186.
131
What is the remainder when 2119232 is divided by 212?
80
What is the remainder when 2393864 is divided by 5?
4
Calculate the remainder when 2454026 is divided by 64579.
24
Calculate the remainder when 94279 is divided by 31024.
1207
Calculate the remainder when 26350607 is divided by 48.
47
What is the remainder when 16788404 is divided by 16788340?
64
What is the remainder when 105078 is divided by 2313?
993
What is the remainder when 72985 is divided by 10423?
24
Calculate the remainder when 333066 is divided by 111012.
30
What is the remainder when 21081044 is divided by 141?
134
What is the remainder when 8750447 is divided by 19?
16
What is the remainder when 4973629 is divided by 39?
37
What is the remainder when 4165991 is divided by 220?
71
Calculate the remainder when 13570 is divided by 59.
0
Calculate the remainder when 28517072 is divided by 1633.
1626
What is the remainder when 332582 is divided by 11446?
648
What is the remainder when 23708097 is divided by 1465?
2
What is the remainder when 58300756 is divided by 40?
36
Calculate the remainder when 1316449 is divided by 1588.
1585
Calculate the remainder when 524875 is divided by 4267.
34
Calculate the remainder when 5027324 is divided by 1651.
29
Calculate the remainder when 313477494 is divided by 9.
6
Calculate the remainder when 30011075 is divided by 147.
143
Calculate the remainder when 7475793 is divided by 679615.
28
Calculate the remainder when 6260374 is divided by 1565093.
2
What is the remainder when 13390 is divided by 1656?
142
What is the remainder when 30667824 is divided by 337009?
5
Calculate the remainder when 2339656 is divided by 361.
15
What is the remainder when 13136 is divided by 523?
61
What is the remainder when 1436497 is divided by 25?
22
Calculate the remainder when 3547341 is divided by 172.
13
What is the remainder when 1355759 is divided by 1355647?
112
Calculate the remainder when 5361049 is divided by 486.
469
What is the remainder when 7892595 is divided by 14?
11
Calculate the remainder when 22810188 is divided by 11405094.
0
Calculate the remainder when 99205 is divided by 5375.
2455
What is the remainder when 124327 is divided by 1690?
957
Calculate the remainder when 5882338 is divided by 784.
770
Calculate the remainder when 495811188 is divided by 10091.
10085
What is the remainder when 2113777 is divided by 582?
535
Calculate the remainder when 1739426 is divided by 252.
122
What is the remainder when 17185436 is divided by 338?
164
What is the remainder when 4558538 is divided by 220?
138
What is the remainder when 897086 is divided by 25?
11
What is the remainder when 51106665 is divided by 1963?
1923
What is the remainder when 216939351 is divided by 1546?
1539
Calculate the remainder when 40993